 23/(-2)*(-6 + h)?
2
Suppose -5*o + 1506 = 4*x - 8794, 0 = -4*x - 4*o + 10296. What is the hundreds digit of x?
5
Suppose a + 6 = 7*a. Let s(i) = 4 + 10*i + a - 6*i + 11*i - i**2. What is the tens digit of s(7)?
6
What is the thousands digit of (33/2 - 2)/((-1)/(-110))?
1
Suppose -3*p + 1302 = 2*l, -3*l + p + 1968 = -2*p. What is the units digit of l?
4
Let p(o) = 2*o**2 - 14*o - 17. Suppose 0 = -5*d + 5, -f + 5*f - 41 = -d. What is the units digit of p(f)?
3
Let u(i) = i**2 - 2*i + 26. Let d be u(-14). Suppose q = -z + 3*z - 485, -z + d = -2*q. What is the hundreds digit of z?
2
Suppose 0 = -4*f + 124 - 8. What is the tens digit of -4*(1 - f)*(-3)/(-2)?
6
Let n = 43 - 43. Suppose n = 5*q + 3*s + 73 - 541, 5*s + 212 = 2*q. What is the units digit of q?
6
Suppose -57 = -3*x - 3*m, 3*m - 2*m + 35 = 2*x. Let w(a) = -a**3 + 18*a**2 + 26. What is the units digit of w(x)?
6
Let x(k) = 17*k**2 + 3*k + 5*k**3 - 6 + 17*k**2 - 35*k**2. What is the hundreds digit of x(3)?
1
Let p = 4 + -1. Suppose -15 = -p*l, -3*b + l - 5*l + 485 = 0. Suppose 0 = -4*y + 9*y - b. What is the tens digit of y?
3
Let m(d) = -d**2 + 1 - 3*d + 2*d + d + 8*d. Let u be m(7). What is the units digit of 2/u + 14/8?
2
Let a = -2318 + 3708. What is the tens digit of a?
9
Let s(j) = -7*j**3 - j**2 + j. Suppose -8*v - 24 = -8. What is the tens digit of s(v)?
5
Suppose 1115 + 223 = 3*n. Let r = -201 + n. What is the units digit of r?
5
What is the tens digit of 1/8 + 4/(192/8634)?
8
Let x(b) = -12*b + 22*b - 3*b**2 + b**3 - 8*b. Let i(g) = g**2 + 7*g + 4. Let y be i(-7). What is the units digit of x(y)?
4
Let i = 31 - 21. Suppose i = -4*c - 6, -2*q - 5*c = -26. What is the units digit of q?
3
Let n(o) = 294*o - 5. What is the hundreds digit of n(1)?
2
Let c(h) = -27*h**2 - 2*h + 3. Let o(g) = g**2 - 1. Let j(t) = c(t) + 4*o(t). Let y be j(-1). Let x = -17 - y. What is the units digit of x?
5
Suppose 16*x - 27*x = -6446. What is the hundreds digit of x?
5
Suppose 1 = -a + 4*a - 4*i, -5*i = -2*a - 4. Suppose c + w - 60 = -2*w, -2*c = -a*w - 111. Suppose -11 + c = 2*d. What is the tens digit of d?
2
Let w(z) = -16*z - 239. What is the units digit of w(-24)?
5
What is the hundreds digit of 3/((-212)/(-141) + 78/(-52))?
8
Let w be (-3)/(9/(-15)) - 1. Suppose -511 = -w*s - 3*s. What is the units digit of s?
3
Suppose 3*i + 7*x - 1774 = 5*x, -4*x + 2954 = 5*i. What is the units digit of i?
4
Let u(j) be the third derivative of j**6/120 - j**5/20 - 5*j**4/24 + 5*j**3/6 + 2*j**2 - j. What is the units digit of u(4)?
1
Let c = 2714 + -1604. What is the tens digit of ((-2)/(-3))/(20/c)?
3
Let u(t) = t + 8. Let r be u(-11). Let m be r - -1 - (7 + -11). What is the units digit of m - 6*(0 + -1)?
8
Let x(n) = -5*n - 8. Suppose 4*w + 11 = -21. What is the units digit of x(w)?
2
Suppose 4*m + 82 = -2*o, -1 + 4 = -3*o. Let p = m + 50. Suppose -2*n = -3*n + p. What is the tens digit of n?
3
Let w = -268 + 438. What is the units digit of w?
0
Suppose 49*k - 46*k - 3*g = 882, 0 = -4*k + g + 1185. What is the units digit of k?
7
Suppose 8*c - 7*c - 3 = 0. Suppose -5*j + 2 = -c*a - 246, -4*j - 5*a + 228 = 0. What is the tens digit of j?
5
Let d = -18 + 20. Suppose 0*u + u - 14 = -d*f, -f - u = -7. What is the units digit of f?
7
Suppose -15*f + 17*f - 3524 = 0. What is the thousands digit of f?
1
Suppose 4*a - 4*i - 3156 = 0, 5*a - 4*a - 4*i - 786 = 0. What is the tens digit of a?
9
Let q(w) = 12*w**2 + 14*w - 80. What is the tens digit of q(-15)?
1
Suppose -5*p - 370 = -2*v, -6*v + 3*v + p = -542. What is the tens digit of v?
8
Let g(q) = 5*q**2 - 13*q**2 + 2*q**3 + 9*q + 6 - q**3. Let k = -94 - -101. What is the tens digit of g(k)?
2
Let h(k) = -k + 15. Let s be h(11). Suppose -5*n = -s*l - 381, -2*l + 389 = 5*n + 32. What is the tens digit of n?
7
What is the units digit of (-5916)/9*((-7)/2 + 2)?
6
Let u = -20 + 32. Suppose -c = u - 37. Let s = c - 8. What is the tens digit of s?
1
Suppose -4 - 8 = -4*t. Suppose t*s - 39 = 3*q, s - 2*s - 7 = 3*q. What is the units digit of 4/(-16) + 66/s?
8
Let f = 5 - -1. Suppose -9 + f = -z. Suppose 0 = -z*x - 38 + 152. What is the tens digit of x?
3
Let u = -7 + 11. Suppose -3*t - 392 = u*t. Let g = 137 + t. What is the units digit of g?
1
Let a(i) = i**3 - 9*i**2 + 2*i + 17. Let s be a(9). Suppose -s - 2 = -l. What is the units digit of l?
7
Let u = -135 + 1. Let o = -192 - u. Let b = -35 - o. What is the tens digit of b?
2
Let n(s) = 4*s**2 + 11*s - 8. Suppose 3*c + 6 = 0, -3*r + 23 = -3*c + 5. What is the units digit of n(r)?
0
What is the tens digit of 119 + (-4 - -9) + -1?
2
Suppose -173*t = -175*t - 2*x + 2544, 3*x = -t + 1268. What is the units digit of t?
4
Let c(g) = -g**3 + 11*g**2 - g + 65. What is the tens digit of c(11)?
5
What is the units digit of ((-114)/12 - -7)/((-2)/376)?
0
Let c(s) = -65*s - 6. Suppose -4*o = -8*o - 5*v - 7, 1 = -o - 2*v. What is the hundreds digit of c(o)?
1
Let h(m) = -117*m + 10. Let x be h(-2). Suppose -3*w + x = -w + k, -4*w + 4*k = -488. What is the tens digit of w?
2
Let m(r) = r**3 - 6*r**2 + r - 4. Let c be m(6). Suppose 0 = 2*h - 7*h + c*j + 70, 0 = -4*h - 2*j + 74. What is the units digit of h?
6
Let x = -176 + 304. Suppose 0 = -3*l - 2*c + 167 - 60, 0 = 4*l - c - x. What is the tens digit of l?
3
Suppose 8*d - 12 = 4*d. Let z be 1*(-14 + 0 + d). Let f(x) = -x**2 - 12*x - 7. What is the units digit of f(z)?
4
Let d(g) = 6*g + 18. Let i(m) = -m**2 - 3*m + 25. Let v be i(-6). What is the tens digit of d(v)?
6
Let r(t) be the second derivative of 1/6*t**3 - 11*t + 61/2*t**2 - 1/20*t**5 + 0 + 0*t**4. What is the units digit of r(0)?
1
Suppose d - 3*s + 15 = 0, 0*d - 3*d = s - 5. Suppose -2 = y - 3*a, y + d*a = 2*a + 1. Suppose 0 = 3*t - 5 - y. What is the units digit of t?
4
Let i(o) = 3*o**2 - 1. Let j be i(1). Let q(x) = 7*x**3 - 2*x**2 - 2*x + 3. What is the units digit of q(j)?
7
Suppose 2769 = 2*y + 11*y. Suppose 1233 = 6*g - y. What is the units digit of g?
1
Suppose 3 = 4*d - 17. Suppose -b = -d*b. Suppose 5*s = -3*n + 76, b = -n - 4*n - 15. What is the units digit of s?
7
What is the units digit of 2 - 3*(-8)/(-6) - -1454?
2
Suppose -21 = -5*s - 2*s. Suppose -3*w + 30 = 4*n - 316, -2*n + 170 = s*w. What is the units digit of n?
8
What is the hundreds digit of 15/(-15) + (1378 - -1) + 0?
3
Let y = 40 + -36. What is the units digit of (-3 + -1)*(-6)/y?
6
Suppose 0 = -2*v + 5*t + 2782, 0 = 3*v - 8*v - 3*t + 6986. What is the tens digit of v?
9
Let a(l) = -l**2 + 199. What is the tens digit of a(0)?
9
Let d = -115 - -261. Suppose 0 = 3*s + 2*p - d, -2*s + 98 = -0*s + p. What is the units digit of s?
0
Suppose y - 5 = -0*o + 3*o, 4*y - o = 42. Suppose j + 9 = y. What is the units digit of j?
2
Let v = -2461 + 2670. What is the hundreds digit of v?
2
Let z(a) = -a**2 - 6*a + 3. Let f(x) = x**2 + 9*x + 1. Let t be f(-8). Let h be z(t). What is the units digit of 14*h/(-8) - 3?
4
Let a(t) = t**2 + 37*t + 9. Let h be a(-10). Let d = h + 474. What is the hundreds digit of d?
2
Suppose 2*u - v - 3 = 0, 3*u + 5*v - 33 = 4. Let k = 37 + -54. What is the units digit of (k/u)/(1/(-4))?
7
Suppose 1405*c = 1412*c - 12901. What is the thousands digit of c?
1
Let t = 110 + 101. Suppose -2*o - 3*s - 2*s + t = 0, 254 = 3*o - 5*s. What is the tens digit of o?
9
Let p(h) = 4*h**2 - 11*h + 9. Let n(i) = i**2 - 1. Let b(y) = 3*n(y) - p(y). Let o be b(9). What is the tens digit of (-1 + o)/((-2)/(-10))?
2
Let c be 3/((-12)/(-32)*4). Suppose -2*w - c = 0, -2*v + w - 4 + 37 = 0. What is the tens digit of v?
1
Suppose 4*c - 585 - 7179 = 0. What is the thousands digit of c?
1
Let u be (69*8)/(-4) + 1. What is the tens digit of u/(-3) - 3/(-9)?
4
What is the units digit of (-13758)/(-18) - 7/21?
4
Let r = 13 + -9. Let p(b) = b**3 - 3*b**2 - 3*b - 2. Let k be p(r). What is the units digit of (0 + 2/k)/1?
1
Let p be ((-11)/((-264)/2032))/(4/6). Let q = p + 109. What is the units digit of q?
6
Let o(h) = h - 13. Let w be o(17). Suppose 3*n = -3*v + 369, 4*v + w*n = 3*n + 480. What is the tens digit of v?
1
Let q = 60 + -32. Suppose m + 3*m = q. What is the tens digit of 592/14 + (-2)/m?
4
Let h be 6/10 + 1*(-15)/25. Suppose h = -2*c + 4*v, -5*v = -c + 4*c - 11. What is the units digit of c?
2
Let n = 673 - 362. What is the tens digit of n?
1
Le